 -4 - -12. Suppose -3*v = 4*b - 192, 5*v - v + 5*b - 256 = 0. Calculate the greatest common factor of u and v.
8
Let t(v) = -v**3 + 2*v**2 + 2*v - 1. Let r = 7 + -9. Let n be t(r). What is the highest common factor of 1 and n?
1
Suppose 3*f + 2*f - 3*z - 55 = 0, -z + 5 = 0. Let y be (-2)/(-7) - (-290)/f. Suppose 0 = 4*l - 123 - y. What is the greatest common divisor of l and 9?
9
Let v be 75/(-10)*(-396)/30. Suppose 3*d + 4*p + 4 = 21, -4*d - 4*p = -28. What is the greatest common divisor of d and v?
11
Suppose 0 = a - 2*a + 5*x - 16, 5*a - 4*x = 4. Let b(l) = -l**2 - 2*l + 2. Let g be b(-2). What is the highest common factor of a and g?
2
Let t(h) = 19*h**2 + 2*h. Let w be t(2). Let f = 3 - 1. Let c be 10/(f/(-4)*-1). What is the highest common factor of w and c?
20
Suppose 2*k + 0*k - 240 = 0. Suppose 54 = x + x. Let c = x + -15. Calculate the highest common divisor of k and c.
12
Let j be 4*((-2)/4)/(4/(-48)). Calculate the highest common divisor of 12 and j.
12
Let u(z) = -z**2 + z + 5. Let d(a) = a**2 - 6. Let p(y) = -3*d(y) - 4*u(y). Let l = -2 + 7. Let n be p(l). Calculate the greatest common divisor of 9 and n.
3
Suppose -4*s = -68 - 112. Suppose -3*m = -27 - s. What is the greatest common divisor of m and 3?
3
Suppose -a + 328 = -5*t, -2*t - 263 = 2*t - a. Let v(q) = 2*q**2 - 13*q - 6. Let c be v(-5). Let p = t + c. Calculate the highest common divisor of 11 and p.
11
Let t be (-63)/(-12) + -2*(-3)/(-24). What is the highest common divisor of 2 and t?
1
Suppose 2*k = 3*b - k - 24, -4*b - 4*k = 0. Let y(o) = 24*o + 0*o - b*o. Let j be y(3). Calculate the highest common divisor of 15 and j.
15
Let c be 4/(-10)*(-5 + 0). Suppose 0 = 3*t - c*t - 3. Suppose 4*r = -t + 59. Calculate the greatest common divisor of r and 98.
14
Let n(v) = v + 99. Let d be 0/(3 - (-12)/(-3)). Let p be n(d). What is the greatest common factor of 9 and p?
9
Suppose -5*d - 31 = 2*k, -3*d - 55 = 5*k + 2*d. Let b be ((-2)/(-3))/(k/12). Let j be (-78)/(b*3) + -2. Calculate the greatest common factor of 16 and j.
8
Suppose -3*x + 9 = -0*x. Suppose 11 + x = 2*l. Let w be 3 - 0 - 1 - -5. What is the greatest common divisor of l and w?
7
Let g(f) = 3*f**2 - 2*f. Let v be g(3). Let p = 936 - 512. Suppose -2*a + 323 = 3*b, a = -0*b - 4*b + p. Calculate the greatest common factor of v and b.
21
Suppose 5*m - 217 = -3*x - x, 0 = -3*x - 4*m + 164. Calculate the highest common factor of 48 and x.
48
Suppose 0*r - 3*r = 0. Suppose r = 3*z - 0*z - 12. Suppose g + k + 3*k - 48 = 0, -3*g = 4*k - 104. Calculate the highest common factor of g and z.
4
Let q(k) = k**3 + 6*k**2 - k - 4. Let h be q(-6). Suppose 2*j = -h + 18. Calculate the greatest common divisor of 56 and j.
8
Let a(y) = y**3 + 6*y**2 - 6*y - 24. Let l be a(-5). Calculate the greatest common factor of 31 and l.
31
Let r(g) = -3*g**2 - 4*g + 2. Let z be r(4). Let n = -38 - z. Calculate the greatest common divisor of n and 12.
12
Let t be ((4/3)/(-2))/((-28)/7854). What is the greatest common divisor of t and 17?
17
Let r(f) be the first derivative of f**3 - 3*f + 3. Let d be r(5). Calculate the highest common factor of d and 8.
8
Let v be 11 + (-2)/(-3)*-3. Let y = 15 - v. Let a(g) = g**2 - 4*g - 7. Let z be a(y). Calculate the highest common divisor of 10 and z.
5
Suppose -4*k + 59 + 149 = 0. Suppose w = 2*z - 31, 122 = 5*z - 5*w + 32. Suppose z = 6*d - 5*d. Calculate the highest common factor of d and k.
13
Let s(n) = -n**2 - 21*n + 6. Let x be s(-14). What is the greatest common factor of 8 and x?
8
Suppose 3*v = 43 - 4. Suppose -364 = 2*f - 6*f. What is the greatest common factor of v and f?
13
Suppose 20 = 2*z - 4*b, -3 = -3*z - 3*b - 0*b. Suppose -2*o + 3*f = -3, z*o - 11 - 20 = f. What is the greatest common divisor of 18 and o?
9
Let j = -3 - -30. Let b = -4 + j. What is the greatest common factor of b and 92?
23
Let a be (-320)/(-15)*(-9)/(-6). What is the greatest common divisor of 80 and a?
16
Let t = -108 - -171. Suppose -4*r - 24 = -0*r. Let g = 13 + r. Calculate the highest common divisor of g and t.
7
Let p be (0 - 16/12)*(-315)/6. What is the greatest common divisor of p and 35?
35
Let o be ((-20)/6)/((-6)/99). Suppose 29 = -3*n - o. Let u = n - -42. What is the greatest common factor of u and 70?
14
Let t be 12 - 5/(5/4). What is the greatest common divisor of 56 and t?
8
Suppose -7 + 25 = 3*d. Let i = -9 - -15. What is the highest common divisor of i and d?
6
Let u = 114 - 45. What is the greatest common factor of u and 23?
23
Suppose 53*c = 54*c - 11. Calculate the greatest common divisor of c and 319.
11
Suppose 2*o = o + 4*s, 42 = 5*o + s. Let u(w) = 40*w**3 - w**2 + w. Let l be u(1). Calculate the greatest common divisor of l and o.
8
Suppose -4*m = -7*m + 63. Let r(n) = n - 2. Let f be r(9). What is the highest common factor of m and f?
7
Suppose 11*u = 65 + 12. Suppose -12 - 65 = -a. What is the greatest common factor of a and u?
7
Suppose 2*a - 3*r = 51 - 8, -4*r = 4*a - 36. What is the greatest common factor of a and 21?
7
Let q(r) = -4*r**3 - 2*r**2 - r + 1. Let n be q(-2). Suppose 2*o = 3*o - 3. Let p be (o/(-5))/((-4)/20). What is the highest common divisor of n and p?
3
Suppose -c = 5*z - 28 - 27, 0 = -3*c - 2*z + 178. What is the highest common factor of 15 and c?
15
Suppose 121 = h - 109. Let c = 350 - h. Calculate the highest common divisor of 24 and c.
24
Let u(v) = -3*v + 2. Let d be u(-2). Suppose 7*f + 18 = 25. Calculate the highest common factor of d and f.
1
Suppose 3*u - 32 = -4*g, -7 = g - 5*u + 8. What is the greatest common divisor of 55 and g?
5
Suppose 2*h - 4 = -o - 0, h - 9 = -4*o. Let b = 155 - 59. Suppose 0 = -o*t + y + 220, 3*y - b = -2*t + t. Calculate the greatest common factor of 12 and t.
12
Suppose -2*c = -4*g + 8, 4*c + 5*g - 10 = -c. Let d = -6 - -10. Let l = c + d. What is the greatest common divisor of 8 and l?
4
Let u = -10 - -16. Suppose -s + 3*x - 35 = -3*s, -2*x + u = 0. Let c = 7 + 6. What is the highest common divisor of c and s?
13
Suppose 3*w - 8 = w - 4*h, w + 5*h - 7 = 0. Calculate the greatest common divisor of 6 and w.
2
Let n(m) = m**3 + m**2 - 1256. Let s be n(0). Let i be s/(-32) - (-1)/(-4). What is the greatest common factor of 13 and i?
13
Suppose -2*w + 1785 = 5*w. Calculate the highest common factor of w and 51.
51
Suppose 131 = -4*m - 85. Let b = m - 8. Let l = 92 + b. Calculate the greatest common factor of l and 20.
10
Suppose 0 = 3*x + 2*x + 2*i - 208, -3*i - 3 = 0. Calculate the greatest common divisor of 63 and x.
21
Suppose w - 19 = -8. Suppose 2*v - 3 = w. What is the greatest common divisor of v and 7?
7
Suppose -61 = 4*d - 413. Suppose -5*y + 28 + 12 = 0. What is the highest common factor of d and y?
8
Suppose -9*x = 16 - 106. Suppose 0 = -r + h + 2, -5*r + 14 = -5*h + 2*h. What is the greatest common divisor of x and r?
2
Let y be 0 + (20 - -2)*1. Suppose -5*a - 7 = -y. Suppose -2*b + 39 = a. What is the greatest common factor of b and 72?
18
Suppose y = -4*h - h + 11, 4*h = 5*y + 32. Suppose -h*g + 39 = -15. What is the highest common factor of g and 90?
18
Let q(z) = -z**3 - 4*z**2 - 4*z + 2. Let p be q(-4). Let n be (-48)/1*6/(-4). Calculate the greatest common divisor of p and n.
18
Let x be (-2)/(((-25)/(-5))/(-20)). Calculate the greatest common divisor of 64 and x.
8
Let v = 7 + 73. Calculate the greatest common factor of v and 32.
16
Let c = -36 + 62. Let k(y) = 5*y - 2. Let g be k(4). Let q be c/6 + 12/g. What is the highest common divisor of q and 20?
5
Let g(w) = 4*w**2 - 3*w. Let j be g(2). Let p be (-4488)/21 + (-6)/21. Let c = -144 - p. Calculate the greatest common divisor of j and c.
10
Suppose 5*m - 12*o + 8*o = 409, 4*m = 5*o + 320. Calculate the greatest common factor of m and 17.
17
Let m be (-20)/(-16) - 9/(-12). Calculate the greatest common factor of m and 16.
2
Suppose 2*y - 4*y = 0. Let r = y - -1. Let d be (-6)/(-9) + 10/3. What is the highest common factor of r and d?
1
Let i(h) = -2*h**3 + h**2. Let c be i(-2). Let u be 1/3 - (-59)/3. Suppose -c = -2*k - p, k + 5*p - u = -k. What is the highest common divisor of 70 and k?
10
Let b = -37 + 42. Calculate the greatest common factor of b and 5.
5
Let i(a) = -2*a + 5. Let d be i(4). Let r be (1/1)/(d/(-36)). What is the greatest common factor of 108 an